 is the hundreds digit of 2551286?
2
What is the units digit of 188324?
4
What is the units digit of 2042033?
3
What is the hundreds digit of 29370?
3
What is the units digit of 11738092?
2
What is the units digit of 144895?
5
What is the tens digit of 116802?
0
What is the tens digit of 770313?
1
What is the millions digit of 12338568?
2
What is the hundreds digit of 1119228?
2
What is the hundreds digit of 225063?
0
What is the units digit of 288184?
4
What is the units digit of 21871841?
1
What is the hundred thousands digit of 24159534?
1
What is the tens digit of 5265305?
0
What is the thousands digit of 483567?
3
What is the units digit of 277324?
4
What is the thousands digit of 23082921?
2
What is the tens digit of 5282062?
6
What is the units digit of 465133?
3
What is the units digit of 135883?
3
What is the tens digit of 14173264?
6
What is the hundred thousands digit of 1683794?
6
What is the units digit of 6921782?
2
What is the hundreds digit of 1186490?
4
What is the thousands digit of 3947615?
7
What is the thousands digit of 41727221?
7
What is the hundred thousands digit of 4626115?
6
What is the ten thousands digit of 966078?
6
What is the millions digit of 18554530?
8
What is the units digit of 158041?
1
What is the tens digit of 34902?
0
What is the tens digit of 5352801?
0
What is the ten millions digit of 12167990?
1
What is the thousands digit of 10878988?
8
What is the ten thousands digit of 182666?
8
What is the ten thousands digit of 166275?
6
What is the thousands digit of 4714171?
4
What is the tens digit of 1319136?
3
What is the ten thousands digit of 1950030?
5
What is the hundreds digit of 661394?
3
What is the hundreds digit of 1860720?
7
What is the thousands digit of 1434004?
4
What is the hundreds digit of 79400?
4
What is the units digit of 214738?
8
What is the units digit of 9470462?
2
What is the hundred thousands digit of 3606182?
6
What is the tens digit of 417808?
0
What is the hundred thousands digit of 1332353?
3
What is the tens digit of 95404?
0
What is the hundreds digit of 2788113?
1
What is the ten thousands digit of 3371340?
7
What is the thousands digit of 66410?
6
What is the ten thousands digit of 406174?
0
What is the ten thousands digit of 5719100?
1
What is the units digit of 12781646?
6
What is the thousands digit of 1058276?
8
What is the thousands digit of 293206?
3
What is the hundred thousands digit of 955120?
9
What is the millions digit of 10140254?
0
What is the hundred thousands digit of 3920686?
9
What is the hundreds digit of 475093?
0
What is the ten thousands digit of 360322?
6
What is the hundreds digit of 55903?
9
What is the millions digit of 4783670?
4
What is the thousands digit of 1014475?
4
What is the ten thousands digit of 1451692?
5
What is the tens digit of 350528?
2
What is the hundred thousands digit of 813347?
8
What is the thousands digit of 747139?
7
What is the units digit of 231724?
4
What is the tens digit of 22454552?
5
What is the hundreds digit of 44048?
0
What is the ten thousands digit of 141792?
4
What is the ten thousands digit of 6375791?
7
What is the hundred thousands digit of 6006865?
0
What is the tens digit of 7950505?
0
What is the ten thousands digit of 802733?
0
What is the ten thousands digit of 2485118?
8
What is the hundreds digit of 23139?
1
What is the thousands digit of 1704956?
4
What is the tens digit of 360730?
3
What is the hundreds digit of 5024031?
0
What is the hundreds digit of 165825?
8
What is the tens digit of 15396827?
2
What is the hundred thousands digit of 907650?
9
What is the ten thousands digit of 5185983?
8
What is the units digit of 42498?
8
What is the units digit of 4448443?
3
What is the hundreds digit of 153416?
4
What is the millions digit of 5313989?
5
What is the units digit of 9686973?
3
What is the millions digit of 29050786?
9
What is the hundreds digit of 105586?
5
What is the ten thousands digit of 43629?
4
What is the units digit of 1986134?
4
What is the hundred thousands digit of 675382?
6
What is the hundreds digit of 4927363?
3
What is the thousands digit of 597447?
7
What is the hundreds digit of 230534?
5
What is the tens digit of 4783021?
2
What is the thousands digit of 116086?
6
What is the units digit of 315162?
2
What is the ten thousands digit of 773209?
7
What is the ten thousands digit of 748218?
4
What is the hundred thousands digit of 118174?
1
What is the hundreds digit of 6963445?
4
What is the hundreds digit of 95636?
6
What is the hundred thousands digit of 810909?
8
What is the millions digit of 2802286?
2
What is the millions digit of 40750295?
0
What is the thousands digit of 1089282?
9
What is the hundreds digit of 40665?
6
What is the thousands digit of 5376389?
6
What is the thousands digit of 17250690?
0
What is the millions digit of 9243749?
9
What is the units digit of 335793?
3
What is the millions digit of 17627703?
7
What is the tens digit of 77916?
1
What is the millions digit of 10951725?
0
What is the thousands digit of 516281?
6
What is the thousands digit of 114888?
4
What is the thousands digit of 1730460?
0
What is the units digit of 81624?
4
What is the thousands digit of 2994599?
4
What is the millions digit of 1112583?
1
What is the thousands digit of 12322284?
2
What is the ten thousands digit of 6204230?
0
What is the thousands digit of 3786645?
6
What is the thousands digit of 1632804?
2
What is the units digit of 476760?
0
What is the tens digit of 79588?
8
What is the units digit of 103125?
5
What is the hundreds digit of 577911?
9
What is the ten thousands digit of 287819?
8
What is the hundred thousands digit of 720959?
7
What is the tens digit of 992213?
1
What is the ten thousands digit of 1056236?
5
What is the units digit of 688260?
0
What is the hundreds digit of 8542182?
1
What is the hundred thousands digit of 314965?
3
What is the thousands digit of 16205342?
5
What is the hundreds digit of 1275004?
0
What is the ten thousands digit of 188394?
8
What is the thousands digit of 525612?
5
What is the hundreds digit of 6012687?
6
What is the tens digit of 16900886?
8
What is the hundreds digit of 9318061?
0
What is the tens digit of 88375?
7
What is the hundreds digit of 6331572?
5
What is the ten thousands digit of 2116975?
1
What is the millions digit of 8439203?
8
What is the millions digit of 1671928?
1
What is the units digit of 8051220?
0
What is the thousands digit of 11479654?
9
What is the tens digit of 8473197?
9
What is the hundreds digit of 16046636?
6
What is the units digit of 722576?
6
What is the tens digit of 171971?
7
What is the thousands digit of 726719?
6
What is the millions digit of 6021922?
6
What is the hundred thousands digit of 101221?
1
What is the hundred thousands digit of 347245?
3
What is the tens digit of 26416403?
0
What is the millions digit of 1208707?
1
What is the thousands digit of 5158221?
8
What is the units digit of 762490?
0
What is the hundreds digit of 3546234?
2
What is the tens digit of 2021462?
6
What is the units digit of 276524?
4
What is the thousands digit of 118293?
8
What is the units digit of 604159?
9
What is the tens digit of 3952368?
6
What is the units digit of 2714745?
5
What is the hundreds digit of 483723?
7
What is the tens digit of 4818999?
9
What is the hundreds digit of 3250220?
2
What is the tens digit of 464870?
7
What is the thousands digit of 9835177?
5
What is the ten thousands digit of 715624?
1
What is the hundreds digit of 3087571?
5
What is the tens digit of 1752658?
5
What is the units digit of 887803?
3
What is the units digit of 77487?
7
What is the tens digit of 569139?
3
What is the hundred thousands digit of 1072763?
0
What is the hundreds digit of 118900?
9
What is the units digit of 1520480?
0
What is the thousands digit of 153215?
3
What is the units digit of 43465?
5
What is the hundred thousands digit of 183627?
1
What is the units digit of 7413028?
8
What is the tens digit of 2082448?
4
What is the tens digit of 94121?
2
What is the thousands digit of 17190915?
0
What is the thousands digit of 2685252?
5
What is the tens digit of 353200?
0
What is the units digit of 1263468?
8
What is the thousands digit of 715182?
5
What is the hundreds digit of 31416293?
2
